on divisor of 10 and 1459670.
10
Calculate the highest common divisor of 75752 and 69625.
557
Calculate the highest common factor of 112 and 326704.
112
What is the highest common divisor of 125829 and 29667?
1023
Calculate the highest common factor of 118 and 8098.
2
Calculate the highest common divisor of 2420 and 3560.
20
Calculate the highest common factor of 110 and 8305.
55
What is the highest common factor of 43547 and 112?
7
What is the highest common factor of 8168 and 24?
8
What is the greatest common divisor of 19380 and 19095?
285
Calculate the greatest common factor of 44 and 309353.
11
Calculate the highest common factor of 336 and 5838.
42
What is the greatest common divisor of 1212 and 714676?
404
What is the highest common factor of 55950 and 150?
150
What is the highest common divisor of 507 and 12?
3
Calculate the highest common divisor of 1384 and 63318.
346
What is the highest common divisor of 27648 and 320?
64
Calculate the greatest common divisor of 7410 and 147535.
95
What is the greatest common factor of 260 and 334620?
260
What is the highest common divisor of 1855 and 1085?
35
Calculate the greatest common factor of 5341 and 95501.
49
Calculate the greatest common factor of 10580 and 23320.
20
What is the highest common divisor of 9 and 940?
1
What is the highest common factor of 12042 and 4906?
446
Calculate the greatest common divisor of 34 and 347.
1
What is the highest common divisor of 14586 and 16558?
34
Calculate the highest common factor of 29779 and 291.
97
What is the highest common factor of 1513 and 140522?
17
What is the greatest common divisor of 238 and 4102?
14
Calculate the greatest common divisor of 1412 and 7849308.
1412
Calculate the greatest common factor of 1117800 and 1200.
600
Calculate the highest common divisor of 5520 and 145038.
138
Calculate the highest common factor of 60701 and 202.
101
Calculate the highest common factor of 68740 and 420.
140
What is the highest common divisor of 161565 and 30?
15
Calculate the highest common factor of 2636218 and 1066.
1066
What is the highest common factor of 174068 and 20?
4
Calculate the highest common factor of 175717 and 199.
199
Calculate the highest common divisor of 5080 and 196088.
1016
Calculate the highest common factor of 415 and 6595.
5
Calculate the highest common divisor of 759 and 30624.
33
What is the highest common divisor of 112236 and 5373?
597
Calculate the highest common divisor of 1278 and 846.
18
What is the highest common divisor of 106620 and 2400?
60
What is the greatest common divisor of 113056 and 128?
32
Calculate the highest common factor of 5027 and 159493.
457
What is the greatest common divisor of 1546079 and 661?
661
What is the highest common factor of 6641 and 23129?
229
What is the highest common factor of 240 and 86280?
120
Calculate the greatest common factor of 1340 and 119720.
20
Calculate the greatest common factor of 3 and 122973.
3
Calculate the greatest common factor of 71808 and 192.
192
Calculate the highest common factor of 50028 and 132.
132
What is the greatest common factor of 3047676 and 171?
57
Calculate the highest common factor of 3197120 and 10300.
2060
What is the greatest common factor of 126 and 1712484?
18
Calculate the highest common divisor of 327 and 168.
3
What is the greatest common divisor of 3456 and 729?
27
What is the highest common factor of 231 and 22302?
21
Calculate the greatest common factor of 24335 and 220.
5
What is the greatest common factor of 65819 and 166?
83
Calculate the highest common factor of 178 and 10769.
89
What is the highest common factor of 182 and 28574?
182
What is the greatest common factor of 52 and 2951?
13
Calculate the greatest common factor of 60 and 3164.
4
Calculate the highest common divisor of 8652 and 56.
28
Calculate the greatest common factor of 56403 and 6.
3
Calculate the greatest common factor of 1264 and 1648.
16
Calculate the greatest common factor of 40 and 282570.
10
Calculate the highest common divisor of 70195 and 2020.
505
Calculate the highest common factor of 2670 and 3210.
30
Calculate the highest common factor of 264 and 2232.
24
Calculate the highest common factor of 715 and 755.
5
Calculate the greatest common factor of 91045 and 11120.
695
Calculate the greatest common factor of 3753 and 32943.
417
What is the highest common divisor of 391062 and 168?
42
Calculate the highest common divisor of 908103 and 84.
21
What is the highest common divisor of 1298 and 3168?
22
Calculate the greatest common divisor of 4301 and 8041.
187
Calculate the highest common factor of 2211 and 2079.
33
Calculate the greatest common divisor of 7944 and 6408.
24
Calculate the greatest common factor of 17003 and 49.
49
What is the greatest common factor of 599 and 2785949?
599
What is the greatest common divisor of 74 and 3394?
2
What is the highest common divisor of 95435 and 5?
5
What is the greatest common factor of 168647 and 685?
137
Calculate the highest common factor of 8140 and 203093.
407
Calculate the highest common factor of 23920 and 25300.
460
What is the greatest common factor of 13286 and 728?
182
What is the greatest common divisor of 1484 and 77826?
14
What is the greatest common factor of 19894 and 4582?
58
Calculate the highest common divisor of 54360 and 40680.
360
Calculate the highest common factor of 14680064 and 128.
128
What is the highest common factor of 596470 and 35?
35
Calculate the highest common divisor of 427 and 1504748.
427
Calculate the greatest common divisor of 2592 and 1312.
32
What is the greatest common factor of 100 and 61850?
50
What is the greatest common divisor of 110 and 592570?
110
Calculate the greatest common factor of 357 and 18258.
51
What is the greatest common factor of 2725 and 75?
25
What is the highest common divisor of 96 and 109104?
48
Calculate the highest common factor of 105 and 2175243.
21
Calculate the highest common divisor of 1548 and 56932.
172
What is the greatest common factor of 154 and 2114?
14
Calculate the highest common factor of 637 and 32305.
91
Calculate the greatest common factor of 15830 and 275.
5
What is the greatest common factor of 10208 and 1584?
176
What is the highest common factor of 118 and 85904?
118
What is the highest common divisor of 56 and 52808?
56
Calculate the greatest common divisor of 2673 and 238383.
243
Calculate the highest common divisor of 13387610 and 10.
10
What is the highest common factor of 153 and 9605?
17
What is the highest common factor of 1890 and 688?
2
What is the greatest common divisor of 82967 and 2036?
509
What is the greatest common factor of 20045 and 589?
19
Calculate the highest common factor of 29541 and 3225.
129
What is the greatest common divisor of 6979 and 3?
1
What is the greatest common divisor of 41812 and 92?
4
What is the greatest common divisor of 100 and 37480?
20
What is the greatest common divisor of 377 and 25607?
29
What is the greatest common divisor of 105 and 6675?
15
Calculate the highest common divisor of 1075 and 1710454.
43
Calculate the highest common divisor of 48034 and 376.
94
Calculate the highest common divisor of 75563 and 361.
19
What is the highest common divisor of 125172 and 19398?
366
What is the greatest common divisor of 3604 and 23108?
212
Calculate the greatest common divisor of 580 and 1760.
20
Calculate the highest common divisor of 45080 and 483.
161
What is the highest common divisor of 375786 and 54?
54
Calculate the greatest common divisor of 2214 and 44813.
41
What is the highest common divisor of 160 and 69280?
160
What is the highest common divisor of 1782 and 353?
1
Calculate the greatest common divisor of 1633590 and 6930.
630
Calculate the greatest common factor of 38100 and 1350.
150
What is the highest common factor of 990 and 37301?
11
What is the highest common divisor of 7 and 337729?
7
What is the highest common factor of 6313 and 1121?
59
What is the highest common divisor of 208109 and 11?
11
What is the highest common factor of 114576 and 7854?
462
Calculate the greatest common factor of 20511 and 23521.
43
What is the greatest common divisor of 282150 and 44?
22
What is the greatest common factor of 5824 and 18746?
182
Calculate the greatest common divisor of 441 a